t is g(42)?
7
Let u(j) = -1971*j + 61112. Calculate u(31).
11
Let m(b) = -b**3 + 26*b**2 + 10645*b - 129754. What is m(12)?
2
Let r(h) = -3*h**2 - 105*h + 914. Calculate r(-42).
32
Let x(b) = 4860*b + 62759. What is x(-13)?
-421
Let k(d) = -1702*d**2 + 27144*d + 45. Determine k(16).
-1363
Let i(a) = a**2 + 1169*a + 270097. Determine i(-317).
13
Let r(l) = 2*l**3 + 105*l**2 - 164*l - 293. Calculate r(-54).
-185
Let w(t) = -2*t**2 + 67*t - 445. Calculate w(6).
-115
Let x(h) = 15942*h + 95649. What is x(-6)?
-3
Let x(a) = 879*a**2 - 103719*a - 334. Calculate x(118).
20
Let a(d) = -78401*d - 1489663. Give a(-19).
-44
Let s(y) = -2*y**2 + 1252*y - 14734. What is s(12)?
2
Let w(f) = 29*f**2 - 456*f - 2042. Determine w(-5).
963
Let m(y) = -y**3 - 91*y**2 + 31*y + 2741. What is m(-91)?
-80
Let t(r) = 278*r**2 + 1937*r - 115. Determine t(-7).
-52
Let t(s) = -3*s**3 - 227*s**2 - 157*s - 669. Determine t(-75).
-144
Let b(y) = -31916*y + 3797890. Determine b(119).
-114
Let r(m) = 2*m**3 - 33*m**2 - 31*m + 520. Determine r(18).
934
Let s(m) = 857*m + 5146. Give s(-6).
4
Let q(t) = 152264*t + 152259. Determine q(-1).
-5
Let s(c) = -303*c + 10576. What is s(33)?
577
Let a(y) = -30*y**2 + 247*y - 85. Give a(5).
400
Let r(u) = -125*u + 80812. What is r(646)?
62
Let u(s) = 40834*s - 3960900. Give u(97).
-2
Let z(q) = 20*q**3 - 53*q**2 + 64*q - 55. Calculate z(2).
21
Let c(r) = r**3 + 115*r**2 + 1278*r - 13. What is c(-10)?
-2293
Let h(d) = -75439*d + 980709. What is h(13)?
2
Let u(i) = -20*i**2 - 10419*i - 9884. Give u(-520).
-4
Let o(a) = 21502*a - 86242. Calculate o(4).
-234
Let w(g) = 9*g**3 + 108*g**2 + 213*g + 2572. Calculate w(-12).
16
Let y(r) = -3*r**2 - 97*r + 6. Calculate y(0).
6
Let d(z) = 5*z**2 - 8124*z - 566781. Determine d(-67).
-28
Let v(o) = -o**3 - 9*o**2 + 178*o - 77. Determine v(-20).
763
Let d(o) = o**2 - 32*o - 1045. What is d(-20)?
-5
Let j(t) = 2242*t**2 - 8974*t - 3. What is j(4)?
-27
Let r(u) = 6*u**2 - 139*u - 87. What is r(23)?
-110
Let o(w) = 7*w**3 - 2*w**2 + 13225*w + 26466. Determine o(-2).
-48
Let j(w) = w**3 - 1259*w**2 + 96419*w + 111807. Determine j(1177).
-8
Let m(h) = 2*h**2 + 187*h + 3440. Calculate m(-59).
-631
Let k(v) = -1944*v + 289581. Calculate k(149).
-75
Let u(j) = 7*j**3 + 51*j**2 + 189*j + 150. Give u(-4).
-238
Let s(y) = y**2 + 88*y + 864. Give s(-11).
17
Let i(v) = 127885*v + 511579. Determine i(-4).
39
Let n(o) = 208*o - 2242. Calculate n(11).
46
Let j(t) = -28*t**3 + 124*t**2 + 196*t - 633. What is j(5)?
-53
Let j(l) = 1017*l + 155755. Give j(-153).
154
Let d(x) = 11*x**2 + 1077*x - 7349. Give d(7).
729
Let x(v) = -v**3 - 27*v**2 - 1208*v - 17620. Calculate x(-17).
26
Let t(w) = w**3 + 7*w**2 - 113*w - 320. Calculate t(-3).
55
Let s(y) = 315*y - 45920. Calculate s(146).
70
Let j(w) = -3225*w + 9957. Give j(3).
282
Let o(a) = 20*a**2 + 4*a + 3342. Give o(0).
3342
Let z(s) = -s**2 - 349*s + 395302. Calculate z(478).
-4
Let u(t) = 122139*t + 122139. Give u(-1).
0
Let x(a) = a**3 - 17*a**2 + 70*a + 119. Calculate x(11).
163
Let k(t) = t**2 - 80*t - 4741. What is k(-39)?
-100
Let z(c) = -c**2 + 838*c + 5922. Give z(-7).
7
Let h(d) = -74*d - 7487. Give h(-127).
1911
Let g(f) = 733*f - 109196. What is g(149)?
21
Let a(c) = 20*c**3 - 181*c**2 + 29*c - 104. What is a(9)?
76
Let g(u) = -2*u**3 - 339*u**2 + 885*u + 4380. Determine g(-172).
80
Let g(r) = -2*r**3 - 59*r**2 - 362*r - 3441. Determine g(-25).
-16
Let k(a) = 3329*a + 119632. Give k(-36).
-212
Let d(j) = 975*j + 513818. What is d(-527)?
-7
Let h(k) = -1706*k - 349844. What is h(-205)?
-114
Let u(t) = -t**3 + 238*t**2 + 1215*t + 7. Determine u(243).
7
Let b(v) = 7*v**2 + 106*v - 1537. Determine b(14).
1319
Let c(v) = v**2 - 10053*v + 130467. Determine c(13).
-53
Let t(p) = p**3 - 151*p**2 + 1060*p - 337. What is t(7)?
27
Let g(b) = 724306*b + 724315. Calculate g(-1).
9
Let z(h) = 497*h + 15926. What is z(-32)?
22
Let n(d) = -d**2 + 10235*d - 81851. Determine n(8).
-35
Let f(p) = -12*p**3 + 768*p**2 - 33*p + 2117. Calculate f(64).
5
Let q(x) = 4*x**3 - 6*x**2 - 1034*x + 4147. Determine q(4).
171
Let z(f) = 122787*f - 491008. What is z(4)?
140
Let q(n) = -1074*n + 247011. What is q(230)?
-9
Let p(i) = -12474*i - 536415. Calculate p(-43).
-33
Let z(u) = -106791*u + 747552. What is z(7)?
15
Let v(u) = -24489*u - 3012142. Calculate v(-123).
5
Let w(x) = -1280985*x - 6404920. Give w(-5).
5
Let o(u) = u**3 - 154*u**2 - 2849*u + 113245. Determine o(167).
19
Let b(t) = t**2 - 15640*t + 234378. What is b(15)?
3
Let s(x) = -148444*x - 23305708. Determine s(-157).
0
Let v(q) = q**2 - 3883*q + 107969. Calculate v(28).
29
Let g(o) = -39*o + 2040. Give g(37).
597
Let m(t) = 12251*t - 98015. Calculate m(8).
-7
Let b(k) = -k**3 - 12*k**2 - 433*k - 4103. Calculate b(-10).
27
Let k(p) = -16*p**3 + 124*p**2 + 30*p - 34. What is k(8)?
-50
Let z(g) = g**3 - 226*g**2 - 465*g + 2061. Determine z(228).
9
Let l(y) = -y**3 - 123*y**2 + 37*y + 4490. What is l(-123)?
-61
Let k(p) = -1420*p + 2716. Give k(2).
-124
Let x(j) = -795*j + 12751. What is x(16)?
31
Let s(j) = 129*j**2 + 2299*j - 160. Give s(-18).
254
Let g(h) = h**2 + 44*h - 9344. Determine g(-122).
172
Let m(a) = -1001*a**3 - 57*a**2 - 39*a + 20. Calculate m(-1).
1003
Let n(r) = -44697*r - 1474981. Calculate n(-33).
20
Let t(j) = 83735*j - 251259. What is t(3)?
-54
Let k(y) = 2*y**3 - 45*y**2 + 119*y - 1294. What is k(21)?
-118
Let s(v) = 4*v**3 + 1998*v**2 + 2999*v + 5481. Give s(-498).
3
Let t(k) = -260*k - 6295. Determine t(-25).
205
Let u(s) = 7*s**2 + 69*s - 216. Give u(7).
610
Let x(j) = -27*j**2 - 2077*j + 373. Give x(-77).
219
Let q(x) = 94058*x - 470444. What is q(5)?
-154
Let t(x) = x**3 + 139*x**2 + 1064*x + 1098. What is t(-131)?
-998
Let n(p) = -48*p**2 + 26469*p - 11508. What is n(551)?
63
Let q(p) = -2*p**2 - 1184*p - 125285. Calculate q(-138).
19
Let n(l) = 77*l**3 - 4*l**2 - 882*l + 1793. Calculate n(2).
629
Let z(x) = -1502*x + 199076. Give z(133).
-690
Let y(t) = -42522*t + 2508788. Determine y(59).
-10
Let p(u) = u**3 - 8*u**2 - 55*u - 45. Calculate p(12).
-129
Let u(g) = -3*g**3 + 9*g**2 + 420*g - 858. Calculate u(2).
-6
Let j(o) = 273007*o - 8736223. Calculate j(32).
1
Let s(k) = -k**3 - 543*k**2 - 1590*k + 98. Determine s(-3).
8
Let r(f) = -84998*f + 339936. What is r(4)?
-56
Let n(c) = -20*c**2 + 1707*c - 374. Calculate n(85).
221
Let l(u) = 636*u + 126328. Calculate l(-199).
-236
Let t(u) = 2*u**3 + 593*u**2 + 793*u + 147257. Give t(-296).
145
Let j(t) = 4*t**3 + 13*t**2 - 476*t + 1519. What is j(4)?
79
Let k(x) = x**2 - 154*x - 333. Give k(154).
-333
Let d(t) = t**2 - 12414*t + 37219. Calculate d(3).
-14
Let z(p) = p**3 + 57*p**2 + 284*p + 72. What is z(-51)?
1194
Let j(a) = -2312*a + 39234. Calculate j(17).
-70
Let s(w) = -1719*w - 17085. What is s(-10)?
105
Let j(c) = -55117*c - 2370037. What is j(-43)?
-6
Let w(x) = x**3 - 401*x**2 + 32551*x - 775. Give w(113).
16
Let t(n) = n**3 - 111*n**2 + 753*n + 568. Calculate t(8).
0
Let v(a) = -102*a**2 - 720*a + 1. Calculate v(-5).
1051
Let i(x) = 21*x**2 + 251*x + 182. What is i(-11)?
-38
Let z(c) = 4*c**2 + 20*c - 54. Calculate z(-11).
210
Let u(c) = -c**2 + 9351*c + 366213. Determine u(-39).
3
Let c(j) = -569*j - 51135. Give c(-90).
75
Let m(d) = -11*d**3 - 40*d**2 - 152*d - 128. Determine m(-3).
265
Let g(y) = -9*y**3 + 1053*y**2 - 726*y - 36884. Calculate g(116).
4
Let h(i) = -1126*i**2 - 17982*i + 550. Determine h(-16).
6
Let m(f) = -721*f**2 - 78592*f - 282. Determine m(-109).
45
Let w(r) = 282368*r - 1129429. Calculate w(4).
43
Let g(b) = -3*b**3 + 27599*b + 13. What is g(0)?
13
Let h(d) = -1460*d + 5756. What is h(4)?
-84
Let m(s) = 9*s**2 + 738*s + 7535. Determine m(-12).
-25
Let q(j) = -j**3 - 48*j**2 - 580*j - 62. Give q(-21).
211
Let j(w) = 17612*w - 87859. Give j(5).
201
Let x(n) = 3708*n + 311468. Give x(-84).
-4
Let d(x) = x**3 - 5144*x**2 - 10290*x - 13. Determine d(-2).
-17
Let n(x) = 147*x - 11873. What is n(78)?
-407
Let q(l) = -3*l**3 - 84*l**2 + 22*l + 183. Calculate q(-28).
-433
Let d(c) = c**2 - 3225*c - 325768. Give d(-98).
-114
Let r(a) = -19*a**3 + 29*a**2 - 89*a. Give r(3).
-519
Let z(n) = 40419*n + 1980537. Calculate z(-49).
6
Let b(f) = 1153*f + 310060. Give b(-269).
-97
Let s(b) = -b**2 + 511*b - 63227. Determine s(208).
-20